{"id":4045,"date":"2023-07-23T11:28:26","date_gmt":"2023-07-23T14:28:26","guid":{"rendered":"https:\/\/tienda3d.com.ar\/stl\/?post_type=product&#038;p=4045"},"modified":"2024-07-23T08:56:10","modified_gmt":"2024-07-23T11:56:10","slug":"stl-molde-barbie","status":"publish","type":"product","link":"https:\/\/tienda3d.com.ar\/stl\/producto\/stl-molde-barbie\/","title":{"rendered":"STL Molde Barbie"},"content":{"rendered":"<p>A continuaci\u00f3n est\u00e1n nuestras medidas recomendadas para la impresi\u00f3n, aunque puedes escalar como quieras o necesites desde tu programa laminador.<\/p>\n<p>Medidas:<\/p>\n<table border=\"0\" frame=\"VOID\" rules=\"NONE\" cellspacing=\"0\">\n<colgroup>\n<col width=\"78\" \/>\n<col width=\"146\" \/>\n<col width=\"77\" \/>\n<col width=\"70\" \/>\n<col width=\"141\" \/><\/colgroup>\n<tbody>\n<tr>\n<td align=\"CENTER\" width=\"78\" height=\"19\"><span style=\"font-family: Calibri;\">\u00a0<\/span><\/td>\n<td align=\"CENTER\" width=\"146\"><span style=\"font-family: Calibri;\">alto<\/span><\/td>\n<td align=\"CENTER\" width=\"77\"><span style=\"font-family: Calibri;\">largo<\/span><\/td>\n<td align=\"CENTER\" width=\"70\"><span style=\"font-family: Calibri;\">ancho<\/span><\/td>\n<td align=\"CENTER\" width=\"141\"><span style=\"font-family: Calibri;\">boca<\/span><\/td>\n<\/tr>\n<tr>\n<td align=\"CENTER\" height=\"19\"><span style=\"font-family: Calibri;\">N12<\/span><\/td>\n<td align=\"CENTER\"><span style=\"font-family: Calibri;\">12<\/span><\/td>\n<td align=\"CENTER\"><span style=\"font-family: Calibri;\">10<\/span><\/td>\n<td align=\"CENTER\"><span style=\"font-family: Calibri;\">16,7<\/span><\/td>\n<td align=\"CENTER\"><span style=\"font-family: Calibri;\">6,8*6<\/span><\/td>\n<\/tr>\n<tr>\n<td align=\"CENTER\" height=\"19\"><span style=\"font-family: Calibri;\">N14<\/span><\/td>\n<td align=\"CENTER\"><span style=\"font-family: Calibri;\">14<\/span><\/td>\n<td align=\"CENTER\"><span style=\"font-family: Calibri;\">11,7<\/span><\/td>\n<td align=\"CENTER\"><span style=\"font-family: Calibri;\">19,5<\/span><\/td>\n<td align=\"CENTER\"><span style=\"font-family: Calibri;\">8*7<\/span><\/td>\n<\/tr>\n<tr>\n<td align=\"CENTER\" height=\"19\"><span style=\"font-family: Calibri;\">N16<\/span><\/td>\n<td align=\"CENTER\"><span style=\"font-family: Calibri;\">16<\/span><\/td>\n<td align=\"CENTER\"><span style=\"font-family: Calibri;\">13,4<\/span><\/td>\n<td align=\"CENTER\"><span style=\"font-family: Calibri;\">22,4<\/span><\/td>\n<td align=\"CENTER\"><span style=\"font-family: Calibri;\">9,1*8<\/span><\/td>\n<\/tr>\n<\/tbody>\n<\/table>\n","protected":false},"excerpt":{"rendered":"<p>A continuaci\u00f3n est\u00e1n nuestras medidas recomendadas para la impresi\u00f3n, aunque puedes escalar como quieras o necesites desde tu programa laminador&#8230;.<\/p>\n","protected":false},"featured_media":4050,"template":"","meta":[],"product_brand":[],"product_cat":[67,73,65,27,30,32],"product_tag":[],"class_list":{"0":"post-4045","1":"product","2":"type-product","3":"status-publish","4":"has-post-thumbnail","6":"product_cat-ver-todo","7":"product_cat-moldes-macetas","8":"product_cat-munecas","9":"product_cat-personajes-dibujos-animados","10":"product_cat-personajes-peliculas","11":"product_cat-rostros","13":"first","14":"instock","15":"virtual","16":"purchasable","17":"product-type-simple"},"_links":{"self":[{"href":"https:\/\/tienda3d.com.ar\/stl\/wp-json\/wp\/v2\/product\/4045","targetHints":{"allow":["GET"]}}],"collection":[{"href":"https:\/\/tienda3d.com.ar\/stl\/wp-json\/wp\/v2\/product"}],"about":[{"href":"https:\/\/tienda3d.com.ar\/stl\/wp-json\/wp\/v2\/types\/product"}],"wp:featuredmedia":[{"embeddable":true,"href":"https:\/\/tienda3d.com.ar\/stl\/wp-json\/wp\/v2\/media\/4050"}],"wp:attachment":[{"href":"https:\/\/tienda3d.com.ar\/stl\/wp-json\/wp\/v2\/media?parent=4045"}],"wp:term":[{"taxonomy":"product_brand","embeddable":true,"href":"https:\/\/tienda3d.com.ar\/stl\/wp-json\/wp\/v2\/product_brand?post=4045"},{"taxonomy":"product_cat","embeddable":true,"href":"https:\/\/tienda3d.com.ar\/stl\/wp-json\/wp\/v2\/product_cat?post=4045"},{"taxonomy":"product_tag","embeddable":true,"href":"https:\/\/tienda3d.com.ar\/stl\/wp-json\/wp\/v2\/product_tag?post=4045"}],"curies":[{"name":"wp","href":"https:\/\/api.w.org\/{rel}","templated":true}]}}